/504 - m**6/180 - m**5/30 + 13*m**4/24 - 10*m**2. Let v(a) be the second derivative of i(a). Give v(-6).
-16
Let h be -1 + 34/(-4) - (-441)/(-294). Let d(k) = k**2 + 11*k - 6. Determine d(h).
-6
Let l(v) = -3*v - v + 5*v + 0*v. Suppose 0 = -2*x - 3*o - 15, 85 = -0*x - 5*x + 2*o. Let r be (-1)/(x/(-10)) + (-8)/(-3). Give l(r).
2
Let b(p) = p**3 + 8*p**2 + 9*p + 10. Let f(m) = -15*m**2 - 133*m + 11. Let j be f(-9). Give b(j).
-4
Suppose 55 = 6*l - 17. Let p(m) = 16*m + l*m - 37*m. Determine p(1).
-9
Let q(g) = -g**2 + 16*g + 11. Let s(v) = 6*v**2 - 82*v - 56. Let o(m) = 11*q(m) + 2*s(m). Calculate o(-7).
-26
Suppose 7*g - 4*g + 9 = 0. Let r be g + 0 + (-5)/(-1). Let x(b) = 4*b - 2*b + 3 - b + r*b. Calculate x(-4).
-9
Let o(q) = 11*q - 28. Let v(s) = 3*s - 10. Let a(k) = -2*o(k) + 7*v(k). Give a(-10).
-4
Let p = -19 + 7. Let a(c) = 2*c - 12. Determine a(p).
-36
Let b(z) = z**2 + 3*z - 6. Suppose y + f - 31 = 5*f, 3*y - 79 = -2*f. Let p = -32 + y. Determine b(p).
4
Let q(j) = -j**3 - 12*j**2 + 13*j + 6. Let i = -1183 + 1170. Give q(i).
6
Suppose 0 = -3*h + 6 + 15. Let i(z) = 0*z - h + z + 2. Let f(w) = 2*w**2 - 5*w - 6. Let k be f(4). Calculate i(k).
1
Let s(j) = 2*j**2 + 2*j - 18. Let k be s(-4). Let h(c) be the second derivative of c**4/12 - c**3 - 3*c**2 + c. What is h(k)?
-6
Let r(c) be the second derivative of -c**5/20 + c**4/2 - c**3/3 - 2*c**2 + 92*c. What is r(6)?
-16
Suppose 11 = -2*j + 3*o, 5*o = 30 - 5. Let v(a) = -3*a**2 - 13*a**3 + j*a - 3*a + 14*a**3. What is v(4)?
12
Let k be ((-3)/2)/((-12)/24). Let n(x) = -4*x**3 + 4*x**2 + 2*x - 1. Let g(j) = 0*j**3 + 2*j**3 - j**3 + 0 - 1 - j. Let r(t) = -3*g(t) - n(t). Give r(k).
-2
Let c = -11 - -12. Suppose -i + 1 + c = 0. Suppose 2*o + 12 = -i*o. Let d(g) = g**2 + 3*g + 1. Give d(o).
1
Suppose 3*w - 109 = 3*c + 8, 3 = -c. Suppose -4*d + 8 = w. Let n(t) = -t**3 - 7*t**2 + 6. What is n(d)?
6
Let s be 4/(-6) - (-3)/(-9). Let b = s - -3. Let v(t) = b*t + 5 + 2*t - 5*t + 3*t. Give v(-5).
-5
Let n(f) = 5*f**2 - 16*f - 6. Let o(y) be the second derivative of y**4/4 - 4*y**3/3 - 3*y**2/2 - 12*y. Let r(p) = -4*n(p) + 7*o(p). Give r(-6).
-9
Let h(v) = 7*v**2 + 1. Let y(w) = -w - 4. Let k(q) = q**3 + 10*q**2 + 7*q - 12. Let a be k(-9). Let n be y(a). Let z = -9 - n. What is h(z)?
8
Let x(h) be the third derivative of -h**4/24 - 11*h**3/6 + 4*h**2 + 52*h. Let s(q) = -q**2 + 2*q + 3. Let f be s(3). Determine x(f).
-11
Let v = -9 + 4. Let x be (5/(-2))/(v/(-10)). Let k(z) = z**2 + 5*z + 2. Give k(x).
2
Let w(i) = -2*i**3 - 6*i**2 - 4. Let a(f) = -f - 5*f - f**3 + 5*f. Let r(o) = 3*a(o) - w(o). Give r(6).
-14
Let w(l) = 391*l - 119. Let c(k) = -13*k + 4. Let j(i) = -119*c(i) - 4*w(i). Suppose -2*u - 3 = 3*y, 5*y + 8*u + 7 = 4*u. Determine j(y).
-17
Let x(o) = -10*o**2 + 40*o - 51. Let c(s) = 7*s**2 - 27*s + 34. Let q(i) = -7*c(i) - 5*x(i). Calculate q(10).
7
Let t(b) be the second derivative of b**3/6 + b**2 + b. Suppose -g - 7 = 4*d - 23, g - 13 = -3*d. Determine t(g).
6
Let y = 8 - 7. Let r(u) = -8*u - y - 2*u**2 + 3*u**2 + 5. Let n = -31 - -37. Determine r(n).
-8
Let d(r) = -3*r**2 + r - 2. Let n(x) = 8*x**2 + 7*x + 1. Let o be n(-1). Give d(o).
-12
Suppose 0 = -3*r - 3*c + 57, 0 = 3*r - 4*c + c - 87. Let p(h) = r*h + 29*h + 29*h - 77*h. Calculate p(-2).
-10
Let g(w) = -w + 1. Let n be g(-8). Let b(k) = -2*k - 21. Let s be b(-13). Let i(p) = 3*p - n*p + p**2 + s*p + 8*p + 1. What is i(-6)?
-5
Let g(h) = -h**3 + 9*h**2 - 13*h - 6. Let r be g(7). Let s(z) = -2*z - 1. Determine s(r).
-3
Let n(b) = b**3 - 5*b**2 + 4*b - 1. Suppose -2*a + a = -4*d - 37, 4 = -2*d. Let i = a + -25. What is n(i)?
-1
Let k(j) = -j**3 + j - 1. Suppose 39*i - 38*i = 0. Suppose i = 23*d - 22*d - 1. Determine k(d).
-1
Let v(j) = j**2 + 11*j + 27. Let k = 154 - 160. Give v(k).
-3
Let m(x) = x**3 - 5*x**2 + 2*x + 2. Let t be 8 + (-4 - 1/1). What is m(t)?
-10
Let l = -552 - -555. Let z(o) = o**2 - 3*o. What is z(l)?
0
Let t(p) = 2 - 4*p + 3*p - 3. Suppose -38 = 33*r - 170. What is t(r)?
-5
Let f(z) = z**2 - 5*z + 6. Let l(c) = -c - 14. Let w = 9 - 27. Let i be l(w). Calculate f(i).
2
Let m(x) = -x**2 + 12*x + 11. Let s = -64 - -77. Give m(s).
-2
Let d(p) = 60 - 2*p - 21 - 4*p - 22 - 4*p + p**2. Calculate d(10).
17
Let t(k) = -2*k**2 + 2*k - 6. Let v be 1/((-11)/2) - 2/(-11). Calculate t(v).
-6
Suppose -2*j - 11 = -3*z, 7*z - 4*z = j + 7. Let d(b) = 5*b - 15*b + 4 - 3. Calculate d(z).
-9
Let u(s) = -s**2 - 5*s + 6. Suppose t + 14 = 4*m - 18, 5*t = -3*m - 206. Let c be 16/(-6)*(-90)/t. What is u(c)?
0
Let u(l) = 7*l + 4. Let a(d) = -14*d - 10. Let h(z) = 3*a(z) + 7*u(z). Give h(-3).
-23
Let r(w) be the second derivative of -w**3/6 - 3*w**2/2 - 13*w + 20. Let n(g) = -g**2 - g + 1. Let h be n(3). Let a = h - -3. Calculate r(a).
5
Let c(l) = -l**2 + 0*l**2 + 16 - 18 + 3*l**2 - l**2. Let a be (-152)/36 - (-2)/9. Let n = a - -1. Calculate c(n).
7
Let n(q) be the first derivative of q**3/3 + q**2 - 14*q + 36. What is n(-5)?
1
Let n(j) be the third derivative of j**6/120 + j**5/20 - j**4/24 + 2*j**3/3 - 7*j**2 + 44*j. Let y(p) = -3*p**2 - p + 1. Let d be y(1). What is n(d)?
7
Let u = 73 + -143/2. Let y(q) be the first derivative of -u*q**2 + 4 + 4*q. Determine y(3).
-5
Suppose -4*l + 4 = -3*j + 8*j, 4*l = -16. Suppose -9*o + j*o = 5. Let z(g) = -g - 2. What is z(o)?
-1
Let z(r) = -7*r**2 - 1. Let a be (-84)/(-48)*(-24)/(-21). What is z(a)?
-29
Let h = 133 - 137. Let z(d) = 4*d - 3. Calculate z(h).
-19
Let f(k) = -k**3 - 11*k**2 + 2*k + 14. Suppose 14*v + 2*v + 176 = 0. Determine f(v).
-8
Let v(h) be the third derivative of 0 - 8/3*h**3 + 0*h + 1/24*h**4 - 9*h**2. Give v(8).
-8
Let m(s) = -3*s + 3. Suppose 72 = -20*f + 112. What is m(f)?
-3
Let i(x) = 3*x - 6. Let a = -389 + 392. Determine i(a).
3
Let k be 18/4*(-8)/12. Let l(t) = -t**2 + 3. Calculate l(k).
-6
Let d(p) be the first derivative of -p**2 + 5*p - 22. Let o be d(0). Let c(s) = s**2 - 5*s - 3. Determine c(o).
-3
Let n(l) = -3*l + 20. Let f be n(6). Let p(i) = -2*i + 1 - 2*i**2 + 6*i**2 - 3*i**f. What is p(1)?
0
Let k(g) = -g - 2. Let h(n) = 3 - 5 - 9*n + 5*n. Let r be h(-5). Let d be 27/r*(-8)/6. What is k(d)?
0
Let n be 40/(-8) - (-1 + -7). Let q(u) be the second derivative of u**5/20 - u**4/3 + u**3/3 + 3*u**2/2 - 3*u. Give q(n).
0
Let k(b) = 3*b + 29. Let l be (28/10)/((0 + -18)/90). What is k(l)?
-13
Let z(c) = 2 + 377*c - 114*c - 112*c - 116*c. Give z(-1).
-33
Let k = 2271 + -2265. Let b(c) = c + 1. Let p(o) = -4*o - 12. Let x(i) = -8*b(i) - p(i). What is x(k)?
-20
Let r(u) = u**2 - 27*u - 154. Let b be r(-5). Let i(p) = 2*p + 5. Determine i(b).
17
Let y(c) be the second derivative of c**7/840 + c**6/120 - c**5/120 + c**4/8 - c**3/3 - 26*c. Let r(k) be the second derivative of y(k). Calculate r(-4).
-9
Let o = -188 + 195. Let p(b) = b**3 - 7*b**2 - 3*b + 6. Calculate p(o).
-15
Let r(i) = -4*i - 1. Let z be (-3)/(-1 - 2)*1. Let n(p) = p**2 - 2*p - 1. Let c be n(z). Give r(c).
7
Let b(o) = 3*o + 2. Let n be (2 + 7*-2)*-1. Suppose -6 = 2*a - 3*y, -3*a - y = -7*a - n. What is b(a)?
-7
Let y = 21 - 13. Suppose -2*j + 0 - y = 0. Let d(t) be the first derivative of -t**4/4 - 2*t**3/3 + 7*t**2/2 + 5*t + 10. What is d(j)?
9
Let i = -17 - 32. Let h = 53 + i. Let s(v) = 5*v - 6. Determine s(h).
14
Let r be (-3)/(-6)*(1 + -13). Let v(x) be the first derivative of 3*x**2 - x + 9 + 7/3*x**3 + 1/4*x**4. Calculate v(r).
-1
Let h(a) = -2 + 1 + 0*a + a. Suppose -5*z + 3*p = 4*p - 11, -z + 3*p = -15. Suppose -z*q = -10*q + 14. What is h(q)?
1
Suppose -4*d = -0*d - 2*v + 2, 2*d = -2*v + 14. Let a(f) = -2*f**2 + 2. What is a(d)?
-6
Let z be 27/5 - 0 - 40/100. Let f(h) = -2*h + 6. What is f(z)?
-4
Let z(g) = -3*g + 3. Let l(w) = -4*w + 3. Let n be 9 + -5 + -6 - -4. Let j(t) = n*l(t) - 3*z(t). Determine j(4).
1
Let u(s) be the second derivative of -1/2*s**2 + 1/12*s**4 - 1/3*s**3 + 9*s + 0. What is u(5)?
14
Suppose -58 = -16*i + 6. Let k(q) = -q**3 + 3*q**2 + 4*q - 3. Determine k(i).
-3
Let j(b) be the second derivative of b**6/120 + b**5/60 - b**4/24 - 19*b**2/2 - 5*b. Let n(c) be the first derivative of j(c). What is n(-2)?
-2
Suppose -19*l + 225 = 35. Let z(v) = 2*v - 21. Give z(l).
-1
Suppose 0 = -29*l + 39 - 39. Let s(r) = r**2 - 3*r + 4. Give s(l).
4
Let s(f) = -2*f**2 + 6*f + 3. Let c(a) = 